is -1100240424 (base 5) in base 3?
-11102112011212
115249 (base 11) to base 10
182642
203341324 (base 6) to base 8
15352564
Convert 241bb (base 16) to base 3.
21111212202
What is 65830 (base 14) in base 16?
3c042
What is 46824 (base 9) in base 16?
7a38
What is -2a6449a (base 13) in base 5?
-11432010010
What is 9823b6 (base 12) in base 10?
2409402
c23a (base 15) to base 5
2303010
What is 3120b (base 12) in base 9?
107102
Convert 1c3ccd (base 16) to base 10.
1850573
Convert 2fc77 (base 16) to base 12.
95307
Convert 110010011111001110000000 (base 2) to base 10.
13235072
Convert 2619110 (base 12) to base 15.
9d2989
What is 1065465 (base 12) in base 11?
1840965
What is -851464 (base 9) in base 5?
-112200213
Convert -112122022210202 (base 3) to base 13.
-17c5982
Convert -10000100111110000 (base 2) to base 9.
-113344
Convert -313222232002 (base 4) to base 8.
-67525602
What is 2205314 (base 6) in base 7?
635611
-187480 (base 10) to base 14
-4c476
Convert -32524522 (base 6) to base 7.
-11202314
185aa5 (base 12) to base 6
13035125
What is 1343cb (base 15) in base 10?
925616
Convert -147685 (base 9) to base 6.
-1541035
-6627 (base 12) to base 16
-2bff
4305525 (base 6) to base 7
1536554
What is -104ab0 (base 12) in base 5?
-31213231
Convert 1033230123 (base 4) to base 12.
138aa3
10201202012120 (base 3) to base 15
292870
Convert -b0598b (base 13) to base 5.
-2022044334
What is 3750112 (base 8) in base 11?
6486a8
What is 133111212 (base 4) in base 12?
62346
Convert -712426 (base 8) to base 16.
-39516
1103c6 (base 14) to base 12
239ab6
Convert -4358489 (base 10) to base 3.
-22012102201112
Convert -10101110101111100001000 (base 2) to base 4.
-111311330020
Convert -14242115 (base 6) to base 10.
-487775
Convert 294108 (base 10) to base 8.
1076334
Convert -36b7b (base 12) to base 7.
-426326
What is 43426224 (base 7) in base 11?
2111981
What is 145433545 (base 6) in base 12?
103b8b5
Convert 7321a (base 11) to base 16.
1a0f7
Convert 473204 (base 10) to base 15.
9531e
What is 1470329 (base 13) in base 15?
889935
1536505 (base 8) to base 9
742763
-5cc446 (base 16) to base 9
-12385524
Convert 2720a7 (base 12) to base 14.
12b7d5
-5b2305 (base 12) to base 15
-1e259e
Convert -614533 (base 11) to base 16.
-f0f20
Convert -6483797 (base 10) to base 13.
-1460288
What is -bb372 (base 16) in base 10?
-766834
1100010001011011011 (base 2) to base 4
1202023123
30135243 (base 6) to base 14
182a39
What is cb36c (base 15) in base 4?
2131210122
Convert -1831369 (base 10) to base 15.
-262964
Convert -d30441 (base 16) to base 2.
-110100110000010001000001
-e840 (base 15) to base 14
-13c7c
What is -121022112311 (base 4) in base 9?
-13363032
-1202030131 (base 5) to base 13
-75b8ca
Convert 2a3b8f (base 16) to base 9.
5177577
Convert 1614230 (base 7) to base 8.
662257
Convert -210220333100 (base 4) to base 15.
-c9ae32
What is 635919 (base 10) in base 2?
10011011010000001111
What is 595795 (base 10) in base 13?
17b255
Convert -643539 (base 11) to base 7.
-11515326
8054627 (base 10) to base 15
a91852
-33ec1 (base 16) to base 13
-75a56
Convert -287380 (base 10) to base 11.
-186a05
What is 157121 (base 9) in base 4?
113230201
Convert -1595bd (base 14) to base 3.
-1102101200122
-1339431 (base 10) to base 12
-547173
What is 2014111 (base 6) in base 8?
272433
-56c36 (base 13) to base 2
-100110100101101100
What is 201098 (base 10) in base 15?
3e8b8
Convert 1111011110110101 (base 2) to base 5.
4012123
Convert 3021304034 (base 5) to base 7.
102230444
What is 9a347 (base 12) in base 8?
617147
110220004 (base 5) to base 13
138a0c
Convert -23c9c (base 14) to base 4.
-111120002
211859 (base 13) to base 5
144243040
Convert -20310120 (base 5) to base 11.
-103a29
855941 (base 16) to base 7
134165351
Convert -1200232400 (base 5) to base 11.
-1603820
What is 122133323310 (base 4) in base 16?
69fef4
Convert 252755 (base 11) to base 10.
398876
Convert -52390 (base 13) to base 10.
-147823
What is -13011244 (base 5) in base 8?
-365600
Convert 1101011112121 (base 3) to base 6.
23402541
11113410 (base 6) to base 9
562476
Convert 42a3dc (base 16) to base 8.
20521734
75a19a (base 12) to base 16
1c6d86
What is -370276 (base 8) in base 2?
-11111000010111110
-94817 (base 15) to base 2
-1110010111110100011
2116acb (base 14) to base 10
15653915
What is 20eba (base 16) in base 6?
2520134
-11001111010101000001 (base 2) to base 13
-2396c5
Convert -1441114333 (base 5) to base 16.
-3ab79d
1961c (base 15) to base 6
1433213
-461a (base 16) to base 15
-54b6
Convert -64524 (base 9) to base 11.
-2a0a7
3d4b8 (base 14) to base 6
3131030
20122121202 (base 4) to base 2
1000011010011001100010
-253164 (base 8) to base 5
-10301133
Convert -11111100010001000 (base 2) to base 5.
-13113120
107366a (base 11) to base 13
50a255
What is 42300242 (base 5) in base 15?
6e9b7
Convert 11c862 (base 16) to base 8.
4344142
What is 1a5391 (base 12) in base 13?
133a8c
Convert 7361532 (base 8) to base 5.
1000134441
2222000201011 (base 3) to base 10
1575157
What is -3213220 (base 4) in base 11?
-10157
Convert -121210032 (base 4) to base 15.
-21063
11113102300 (base 4) to base 11
880499
What is 14013330 (base 5) in base 11?
97522
What is -4389993 (base 10) in base 5?
-2110434433
105148a (base 13) to base 10
4972601
3011320 (base 5) to base 7
256045
-33024020 (base 5) to base 4
-1011012002
Convert -2017000 (base 8) to base 9.
-1000645
53024143 (base 7) to base 6
235542244
Convert -8036c (base 14) to base 10.
-308012
Convert -1286cb9 (base 13) to base 8.
-26131775
Convert 147262 (base 11) to base 10.
229242
What is 99b84 (base 16) in base 4?
2121232010
Convert 102003313 (base 4) to base 7.
425446
What is 1400035442 (base 6) in base 2?
1000000000101111000010010
Convert 103213024 (base 5) to base 7.
3531455
1102001 (base 5) to base 8
45071
What is -100011000131 (base 4) in base 10?
-4214813
What is -6a541 (base 14) in base 12?
-105a51
Convert -146a787 (base 11) to base 5.
-1121032423
152173 (base 14) to base 2
10110011100111001001
What is 3121442 (base 6) in base 16?
24cc2
11010011010000100 (base 2) to base 14
2b5c0
Convert 8563c (base 15) to base 4.
1213111302
What is -11111001001001000000 (base 2) in base 4?
-3321021000
83a6 (base 14) to base 11
16054
What is 101000000100001001 (base 2) in base 9?
270088
What is 21031300320 (base 4) in base 16?
24dc38
Convert 1357577 (base 9) to base 3.
1101221122121
Convert 181228 (base 11) to base 10.
279782
224367 (base 14) to base 8
4341547
Convert -5345b (base 12) to base 3.
-12120012222
Convert 5780a (base 12) to base 8.
344312
Convert -a05192 (base 16) to base 4.
-220011012102
-137436 (base 9) to base 13
-2c424
Convert -4a6073 (base 12) to base 6.
-42000223
84529 (base 11) to base 5
12414323
Convert -b7a (base 16) to base 13.
-1450
What is 112021213 (base 4) in base 13?
323b0
3654435 (base 7) to base 5
104424023
Convert -12116bd (base 15) to base 12.
-4412a07
What is -c44429 (base 14) in base 8?
-31200325
What is -1203515 (base 7) in base 12?
-74345
Convert -135433431 (base 6) to base 11.
-1635057
113202031 (base 6) to base 11
1215473
What is -202010102001 (base 3) in base 14?
-a4521
What is -1101100001111101 (base 2) in base 8?
-154175
What is -1420361 (base 8) in base 9?
-671856
Convert 33122340 (base 5) to base 6.
10043534
What is -2a59 (base 12) in base 16?
-1365
Convert 1671565 (base 8) to base 5.
111111214
-1112102221212 (base 3) to base 14
-1733ba
101212120221 (base 3) to base 14
57dd9
Convert 31244444 (base 5) to base 14.
6a74a
Convert -101112001202 (base 3) to base 15.
-41558
Convert 11040142 (base 5) to base 12.
47889
What is 1100011010111100000000 (base 2) in base 7?
36450620
What is -2320203 (base 5) in base 7?
-233145
What is -1646d7 (base 14) in base 11?
-493582
Convert 142652566 (base 7) to base 5.
4402024342
What is 116205 (base 7) in base 6?
242533
What is 36371 (base 11) in base 6?
1042210
280820 (base 11) to base 10
440220
What is -10414141 (base 5) in base 7?
-531425
111011111110101101 (base 2) to base 15
4cbd7
41707327 (base 8) to base 12
2b851b3
What is -3419 (base 11) in base 6?
-32453
Convert -15324020 (base 6) to base 14.
-100b24
What is -201313300 (base 4) in base 13?
-4b1c0
What is -2121213243 (base 5) in base 2?
-10001000100110010101001
-3a65b (base 12) to base 5
-10033143
71645 (base 9